261612?
False
Is 2481733308 a multiple of 1849?
False
Is 38 a factor of 454195494?
True
Is 136015650 a multiple of 50?
True
Is 649158767 a multiple of 2912?
False
Does 4923 divide 387281438?
False
Is 74698051 a multiple of 17?
True
Is 1318 a factor of 8886616?
False
Does 1490 divide 1213313572?
False
Is 95645804 a multiple of 66?
False
Does 175 divide 8003423?
False
Does 1165 divide 349382915?
False
Is 2698659222 a multiple of 2207?
False
Does 2 divide 11139109?
False
Is 25830124 a multiple of 6?
False
Is 4 a factor of 2736194567?
False
Is 15535400 a multiple of 7?
False
Does 109 divide 93938866?
False
Does 3 divide 90544682?
False
Does 4 divide 18797316?
True
Is 743119309 a multiple of 363?
False
Does 16 divide 765364791?
False
Is 624 a factor of 62230633?
False
Is 64992184 a multiple of 52?
False
Is 148357470 a multiple of 6?
True
Does 388 divide 7155496?
True
Does 45 divide 36175190?
False
Is 36 a factor of 495632843?
False
Is 4633636 a multiple of 481?
False
Is 5 a factor of 922479?
False
Is 1073718591 a multiple of 667?
True
Does 821 divide 2033050510?
True
Does 351 divide 3360021396?
False
Does 950 divide 352606750?
True
Does 565 divide 159073450?
False
Does 111 divide 184098939?
True
Is 486 a factor of 30318136?
False
Is 1958210473 a multiple of 16?
False
Does 23 divide 736504183?
True
Is 298 a factor of 102568258?
False
Does 216 divide 1183177781?
False
Is 1073292462 a multiple of 105?
False
Does 19 divide 20019253?
False
Is 378295940 a multiple of 43?
True
Is 71 a factor of 79067162?
True
Is 113689856 a multiple of 368?
False
Does 70 divide 33311964?
False
Is 1199 a factor of 143839121?
False
Is 142 a factor of 351923712?
True
Is 276 a factor of 9967188?
True
Does 2476 divide 65695708?
True
Does 94 divide 1883937638?
False
Is 24 a factor of 23759892?
False
Is 738 a factor of 51645770?
False
Does 47 divide 443065146?
True
Does 549 divide 74060007?
False
Is 115 a factor of 113223020?
True
Does 942 divide 171626748?
True
Is 40 a factor of 53119560?
True
Does 759 divide 73471458?
False
Is 1455 a factor of 3991834?
False
Is 2299 a factor of 1861376154?
True
Does 394 divide 15900264?
True
Is 128 a factor of 1592406?
False
Is 5 a factor of 140267?
False
Is 940212163 a multiple of 77?
False
Is 379941072 a multiple of 336?
True
Does 233 divide 1233347521?
True
Is 194373852 a multiple of 17?
True
Is 408 a factor of 375621504?
False
Does 93 divide 154494762?
True
Does 516 divide 30774544?
False
Is 104850399 a multiple of 5307?
True
Does 1930 divide 39808180?
True
Is 576 a factor of 9425850?
False
Does 85 divide 264784010?
True
Does 9 divide 1293700554?
True
Is 145343108 a multiple of 1633?
False
Is 413 a factor of 1833673744?
True
Is 3773 a factor of 5960720?
False
Does 8 divide 192000881?
False
Does 5165 divide 433734416?
False
Does 322 divide 6967501?
False
Is 848 a factor of 75426097?
False
Is 168 a factor of 949998000?
True
Is 444096 a multiple of 771?
True
Does 2085 divide 3968670018?
False
Is 61253618 a multiple of 17?
True
Is 2150412 a multiple of 12?
True
Does 107 divide 150320635?
False
Is 134 a factor of 1139093516?
False
Is 206 a factor of 81934954?
False
Does 14 divide 21014882?
True
Is 5231240 a multiple of 8?
True
Is 52 a factor of 25333516?
True
Does 55 divide 262485060?
False
Is 3 a factor of 41877067?
False
Is 45305298 a multiple of 2889?
True
Is 1943 a factor of 264019059?
False
Does 67 divide 28520330?
False
Does 82 divide 93762244?
True
Is 510371554 a multiple of 154?
True
Is 5788 a factor of 1586704956?
True
Does 15 divide 1345797150?
True
Is 185 a factor of 2654946?
False
Does 874 divide 40226724?
True
Is 1179 a factor of 220243095?
True
Is 45 a factor of 6570180?
True
Does 5 divide 932234623?
False
Is 30480934 a multiple of 331?
False
Is 19 a factor of 388566249?
False
Is 350904597 a multiple of 29?
False
Is 15339 a factor of 516648198?
True
Is 758 a factor of 4654261?
False
Is 55309744 a multiple of 8?
True
Is 359 a factor of 15103195?
False
Is 62 a factor of 1050671654?
True
Does 256 divide 1665155072?
True
Does 49 divide 1235360119?
True
Is 7 a factor of 271803567?
True
Does 1877 divide 120372010?
True
Is 68 a factor of 165490920?
True
Is 4877089125 a multiple of 766?
False
Is 31 a factor of 204987760?
False
Does 52 divide 189516080?
True
Is 413 a factor of 4080929?
False
Is 30 a factor of 2930790?
True
Does 531 divide 918449991?
True
Is 493 a factor of 7884549?
True
Does 80 divide 5329316?
False
Is 57 a factor of 1457547?
True
Is 48175455 a multiple of 23?
True
Is 52723221 a multiple of 44?
False
Is 18 a factor of 830922948?
True
Is 17 a factor of 22429392?
True
Is 14 a factor of 5418085208?
False
Does 20 divide 76199000?
True
Does 247 divide 117920517?
True
Does 24 divide 2868807576?
True
Is 29293668 a multiple of 452?
True
Is 37279166 a multiple of 6?
False
Does 15 divide 380693070?
True
Is 298 a factor of 949800043?
False
Is 213 a factor of 138044469?
False
Is 1517 a factor of 36750842?
True
Is 68 a factor of 1816068588?
True
Is 1243 a factor of 447011389?
True
Is 34824624 a multiple of 489?
True
Is 679 a factor of 46178111?
True
Is 508979925 a multiple of 225?
True
Is 1452144043 a multiple of 1742?
False
Does 1407 divide 35626112?
False
Is 203 a factor of 286391588?
True
Is 1483 a factor of 849072332?
False
Does 273 divide 1792573864?
False
Is 310264563 a multiple of 2510?
False
Is 253629420 a multiple of 16?
False
Is 58 a factor of 1308612820?
True
Is 302 a factor of 82001456?
True
Is 513712728 a multiple of 138?
True
Is 14 a factor of 632219602?
True
Does 33 divide 6144219?
False
Is 77530758 a multiple of 888?
False
Does 576 divide 121581719?
False
Is 575039623 a multiple of 123?
False
Is 4664 a factor of 530271947?
False
Is 2 a factor of 39827476?
True
Does 2269 divide 64098295?
False
Is 197 a factor of 300054839?
False
Is 74 a factor of 14133852?
True
Is 30890422 a multiple of 894?
False
Is 10 a factor of 1164396520?
True
Does 4268 divide 119305903?
False
Is 104 a factor of 34652488?
True
Is 5945 a factor of 674782797?
False
Is 603 a factor of 142115643?
True
Is 3353725 a multiple of 377?
False
Is 1025 a factor of 289796598?
False
Is 143763595 a multiple of 86?
False
Does 231 divide 111634908?
True
Is 75719733 a multiple of 350?
False
Is 291313520 a multiple of 1880?
True
Is 13999690 a multiple of 10?
True
Does 2923 divide 941556760?
True
Is 5793930 a multiple of 230?
True
Is 751791336 a multiple of 6?
True
Is 763 a factor of 3444857215?
False
Is 59659223 a multiple of 647?
True
Is 1504 a factor of 3036457522?
False
Is 60 a factor of 10993080?
True
Is 439 a factor of 37240370?
True
Is 95 a factor of 174603350?
True
Is 43 a factor of 600693094?
False
Does 41 divide 4349368?
False
Is 1050905701 a multiple of 39?
False
Does 7 divide 25992274?
True
Is 457822 a multiple of 3?
False
Is 35297318 a multiple of 8?
False
Is 22 a factor of 80616954?
True
Does 18 divide 16913545?
False
Does 76 divide 448486412?
True
Does 129 divide 8966188?
False
Does 698 divide 326535342?
False
Is 57 a factor of 18071453?
False
Is 93 a factor of 2049314897?
False
Is 61832633 a multiple of 60?
False
Is 123 a factor of 122455602?
True
Does 487 divide 22958345?
False
Is 3846 a factor of 28929890?
False
Does 85 divide 278102155?
False
Is 1446 a factor of 143037619?
False
Does 96 divide 38063712?
True
Is 115844800 a multiple of 72?
False
Does 1662 divide 453790287?
False
Is 144 a factor of 67863024?
True
Does 119 divide 148805692?
True
Is 253 a factor of 43718653?
True
Is 11622762 a multiple of 246?
True
Does 2505 divide 1173885956?
False
Is 12324726 a multiple of 1692?
False
Does 376 divide 7265386039?
False
Does 189 divide 36322207?
False
Is 21491583 a multiple of 77?
False
Is 1578 a factor of 1526416809?
False
Is 60645330 a multiple of 2461?
False
Is 6739 a factor of 1853993246?
True
Does 2808 divide 117837321?
False
Does 54 divide 97585748?
False
Is 21 a factor of 289856844?
False
Is 1218 a factor of 102879588?
True
Does 61 divide 279365932?
False
Is 344972943 a multiple of 915?
False
Is 514682208 a multiple of 54?
True
Is 60723444 a multiple of 3942?
False
Is 180853749 a multiple of 20?
False
Does 513 divide 2331072?
True
Does 138 divide 36271152?
False
Is 211 a factor of 221629098?
False
Is 107417046 a multiple of 62?
True
Is 90 a f